{"id":115,"date":"2017-05-09T09:48:25","date_gmt":"2017-05-09T07:48:25","guid":{"rendered":"http:\/\/pimeo.org.pl\/?page_id=115"},"modified":"2017-05-10T20:14:06","modified_gmt":"2017-05-10T18:14:06","slug":"informacja-prasowa","status":"publish","type":"page","link":"https:\/\/pimeo.org.pl\/index.php\/pimeo\/informacja-prasowa\/","title":{"rendered":"Informacja prasowa"},"content":{"rendered":"<p><strong> Integracja \u015brodowiska polskich wytw\u00f3rc\u00f3w energii z OZE<\/strong><\/p>\n<p>W dniu 16 marca 2017 r. nast\u0105pi\u0142a oficjalna rejestracja w KRS organizacji o nazwie Polska Izba Ma\u0142ej Energetyki Odnawialnej.<\/p>\n<p>W obliczu istniej\u0105cych zagro\u017ce\u0144 dla bran\u017cy oraz pojawiaj\u0105cych si\u0119 szans rozwojowych w postaci klastr\u00f3w energii oraz programu elektromobilno\u015bci, \u015brodowisko polskich wytw\u00f3rc\u00f3w energii z odnawialnych \u017ar\u00f3de\u0142 energii postanowi\u0142o zjednoczy\u0107 si\u0119 w celu skuteczniejszego reprezentowania swojego stanowiska w obszarach o \u017cywotnym znaczeniu dla ca\u0142ej bran\u017cy.<\/p>\n<p>Do Izby sw\u00f3j akces zg\u0142osi\u0142o ju\u017c ok 180 firm reprezentuj\u0105cych polski kapita\u0142 zainwestowany w OZE, liczba cz\u0142onk\u00f3w wci\u0105\u017c wzrasta. S\u0105 w\u015br\u00f3d nich w\u0142a\u015bciciele ma\u0142ych instalacji wiatrowych, biogazowych, fotowoltaicznych i elektrowni wodnych oraz firmy zwi\u0105zane z bran\u017c\u0105. \u015arodowisko wytw\u00f3rc\u00f3w, kt\u00f3re w bolesny spos\u00f3b odczuwa aktualn\u0105 niekorzystn\u0105 sytuacj\u0119 zwi\u0105zan\u0105 z ci\u0105g\u0142\u0105 utrat\u0105 warto\u015bci podstawowych \u017ar\u00f3de\u0142 przychod\u00f3w oraz niesprawiedliwymi rozwi\u0105zaniami podatkowymi.<\/p>\n<p>Celem Izby jest konstruktywny dialog maj\u0105cy wypracowa\u0107 rozwi\u0105zania, kt\u00f3re pomog\u0105 zatrzyma\u0107 i odwr\u00f3ci\u0107 negatywny trend niszczenia podstaw funkcjonowania ca\u0142ego sektora Odnawialnych \u0179r\u00f3de\u0142 Energii w Polsce.<\/p>\n<p>Z uwag\u0105 przygl\u0105damy si\u0119 nowym inicjatywom, kt\u00f3re s\u0105 wyzwaniem, ale i szans\u0105 rozwojow\u0105 dla Odnawialnych \u0179r\u00f3de\u0142 Energii. Kilkaset rozproszonych na terenie ca\u0142ego kraju jednostek wytw\u00f3rczych nale\u017c\u0105cych do naszych cz\u0142onk\u00f3w mog\u0105 by\u0107 podstaw\u0105 funkcjonowania tworz\u0105cych si\u0119 klastr\u00f3w energii czy ekologicznym \u017ar\u00f3d\u0142em czystej energii do zasilania pojazd\u00f3w elektrycznych przyczyniaj\u0105c si\u0119 tym samym do dalszego ograniczenia emisji CO2 i problemu smogu.<\/p>\n<p>PIMEO<\/p>\n<p>Warszawa 04.04.2017<\/p>\n<p><a href=\"http:\/\/gramwzielone.pl\/trendy\/26200\/powstala-polska-izba-malej-energetyki-odnawialnej\">http:\/\/gramwzielone.pl\/trendy\/26200\/powstala-polska-izba-malej-energetyki-odnawialnej<\/a><\/p>\n<p><a href=\"http:\/\/biznesalert.pl\/integracja-srodowiska-polskich-wytworcow-energii-oze\/\">http:\/\/biznesalert.pl\/integracja-srodowiska-polskich-wytworcow-energii-oze\/<\/a><\/p>\n","protected":false},"excerpt":{"rendered":"<p>Integracja \u015brodowiska polskich wytw\u00f3rc\u00f3w energii z OZE W dniu 16 marca 2017 r. nast\u0105pi\u0142a oficjalna rejestracja w KRS organizacji o nazwie Polska Izba Ma\u0142ej Energetyki Odnawialnej. W obliczu istniej\u0105cych zagro\u017ce\u0144 dla bran\u017cy oraz pojawiaj\u0105cych si\u0119 szans rozwojowych w postaci klastr\u00f3w energii oraz programu elektromobilno\u015bci, \u015brodowisko polskich wytw\u00f3rc\u00f3w energii z odnawialnych \u017ar\u00f3de\u0142 energii postanowi\u0142o zjednoczy\u0107 si\u0119 &#8230; <a title=\"Informacja prasowa\" class=\"read-more\" href=\"https:\/\/pimeo.org.pl\/index.php\/pimeo\/informacja-prasowa\/\" aria-label=\"More on Informacja prasowa\">Czytaj dalej<\/a><\/p>\n","protected":false},"author":1,"featured_media":0,"parent":81,"menu_order":1,"comment_status":"closed","ping_status":"closed","template":"","meta":[],"_links":{"self":[{"href":"https:\/\/pimeo.org.pl\/index.php\/wp-json\/wp\/v2\/pages\/115"}],"collection":[{"href":"https:\/\/pimeo.org.pl\/index.php\/wp-json\/wp\/v2\/pages"}],"about":[{"href":"https:\/\/pimeo.org.pl\/index.php\/wp-json\/wp\/v2\/types\/page"}],"author":[{"embeddable":true,"href":"https:\/\/pimeo.org.pl\/index.php\/wp-json\/wp\/v2\/users\/1"}],"replies":[{"embeddable":true,"href":"https:\/\/pimeo.org.pl\/index.php\/wp-json\/wp\/v2\/comments?post=115"}],"version-history":[{"count":4,"href":"https:\/\/pimeo.org.pl\/index.php\/wp-json\/wp\/v2\/pages\/115\/revisions"}],"predecessor-version":[{"id":290,"href":"https:\/\/pimeo.org.pl\/index.php\/wp-json\/wp\/v2\/pages\/115\/revisions\/290"}],"up":[{"embeddable":true,"href":"https:\/\/pimeo.org.pl\/index.php\/wp-json\/wp\/v2\/pages\/81"}],"wp:attachment":[{"href":"https:\/\/pimeo.org.pl\/index.php\/wp-json\/wp\/v2\/media?parent=115"}],"curies":[{"name":"wp","href":"https:\/\/api.w.org\/{rel}","templated":true}]}}