{"id":294,"date":"2017-05-17T11:01:52","date_gmt":"2017-05-17T09:01:52","guid":{"rendered":"http:\/\/pimeo.org.pl\/?page_id=294"},"modified":"2025-04-25T16:27:30","modified_gmt":"2025-04-25T14:27:30","slug":"wladze-izby","status":"publish","type":"page","link":"https:\/\/pimeo.org.pl\/index.php\/pimeo\/wladze-izby\/","title":{"rendered":"W\u0142adze Izby"},"content":{"rendered":"<p><strong>W\u0142adze Polskiej Izby Ma\u0142ej Energetyki Odnawialnej:<\/strong><\/p>\n<p><strong>Prezes Izby:<\/strong> Miros\u0142aw Kulak<\/p>\n<p><strong>Sk\u0142ad Prezydium Izby:<\/strong><br \/>1. Miros\u0142aw Kulak<br \/>2. R\u00f3\u017ca Kecmer-G\u0142owacka<br \/>3. Marcin Siedlecki<br \/>4. Marcin Sobczak<br \/>5. Rados\u0142aw G\u00f3rka<\/p>\n<p><strong>Sk\u0142ad Rady Izby:<\/strong><\/p>\n<p>1. Miros\u0142aw Kulak<br \/>2. R\u00f3\u017ca Kecmer-G\u0142owacka<br \/>3. Bernard Kaczorowski<br \/>4. Lech Siemi\u0144ski<br \/>5. Marcin Sobczak<br \/>6. Marcin Siedlecki<br \/>7. Roman Kr\u00f3lewiak<br \/>8. Marcin Szlaps<br \/>9. Olaf Makiewicz <br \/>10. Maciej Arciszewski<br \/>11. Rafa\u0142 Bojek<br \/>12. Marek Szmechta<br \/>13. Rados\u0142aw G\u00f3rka<br \/>14. Pawe\u0142 Kado<br \/>15. Lech Kotarski<br \/>16. Robert \u0141o\u015b<br \/>17. Tomasz Hankowski<\/p>\n<p>\u00a0<\/p>\n<p><strong>S\u0105d Kole\u017ce\u0144ski:<br \/><\/strong><span style=\"background-color: initial;\">1. Ma\u0142gorzata Jedynak<br \/>2. Henryka Gapi\u0144ska<br \/>3. Witold Pawelski<\/span><\/p>\n<p>\u00a0<\/p>\n<p><strong>Komisja Rewizyjna:<br \/><\/strong><span style=\"background-color: initial;\">1. \u0141ukasz Karp<br \/><\/span><span style=\"background-color: initial;\">2. Kamil Gajda<br \/><\/span><span style=\"background-color: initial;\">3. Mariusz Kulak<\/span><\/p>\n<p>Ostatnia aktualizacja: 24.04.2025<\/p>\n\n\n<p><\/p>\n","protected":false},"excerpt":{"rendered":"<p>W\u0142adze Polskiej Izby Ma\u0142ej Energetyki Odnawialnej: Prezes Izby: Miros\u0142aw Kulak Sk\u0142ad Prezydium Izby:1. Miros\u0142aw Kulak2. R\u00f3\u017ca Kecmer-G\u0142owacka3. Marcin Siedlecki4. Marcin Sobczak5. Rados\u0142aw G\u00f3rka Sk\u0142ad Rady Izby: 1. Miros\u0142aw Kulak2. R\u00f3\u017ca Kecmer-G\u0142owacka3. Bernard Kaczorowski4. Lech Siemi\u0144ski5. Marcin Sobczak6. Marcin Siedlecki7. Roman Kr\u00f3lewiak8. Marcin Szlaps9. Olaf Makiewicz 10. Maciej Arciszewski11. Rafa\u0142 Bojek12. Marek Szmechta13. Rados\u0142aw G\u00f3rka14. Pawe\u0142 &#8230; <a title=\"W\u0142adze Izby\" class=\"read-more\" href=\"https:\/\/pimeo.org.pl\/index.php\/pimeo\/wladze-izby\/\" aria-label=\"More on W\u0142adze Izby\">Czytaj dalej<\/a><\/p>\n","protected":false},"author":1,"featured_media":0,"parent":81,"menu_order":2,"comment_status":"closed","ping_status":"closed","template":"","meta":[],"_links":{"self":[{"href":"https:\/\/pimeo.org.pl\/index.php\/wp-json\/wp\/v2\/pages\/294"}],"collection":[{"href":"https:\/\/pimeo.org.pl\/index.php\/wp-json\/wp\/v2\/pages"}],"about":[{"href":"https:\/\/pimeo.org.pl\/index.php\/wp-json\/wp\/v2\/types\/page"}],"author":[{"embeddable":true,"href":"https:\/\/pimeo.org.pl\/index.php\/wp-json\/wp\/v2\/users\/1"}],"replies":[{"embeddable":true,"href":"https:\/\/pimeo.org.pl\/index.php\/wp-json\/wp\/v2\/comments?post=294"}],"version-history":[{"count":10,"href":"https:\/\/pimeo.org.pl\/index.php\/wp-json\/wp\/v2\/pages\/294\/revisions"}],"predecessor-version":[{"id":381,"href":"https:\/\/pimeo.org.pl\/index.php\/wp-json\/wp\/v2\/pages\/294\/revisions\/381"}],"up":[{"embeddable":true,"href":"https:\/\/pimeo.org.pl\/index.php\/wp-json\/wp\/v2\/pages\/81"}],"wp:attachment":[{"href":"https:\/\/pimeo.org.pl\/index.php\/wp-json\/wp\/v2\/media?parent=294"}],"curies":[{"name":"wp","href":"https:\/\/api.w.org\/{rel}","templated":true}]}}